mmon divisor of 135 and p?
27
Suppose 33*h = -25*h + 52258. Calculate the greatest common divisor of 53 and h.
53
Suppose -5*l + 0*l = -0*l. Let b be (-2 + 1)/(2/(-4)). Suppose 2*y = -4*i + 46 - 14, l = -b*y. Calculate the greatest common factor of 1 and i.
1
Let c = 1202 - 852. Calculate the highest common divisor of 42 and c.
14
Let a(q) = 64*q**2 + 3*q - 2. Let f be a(1). Let k = 70 - f. Calculate the greatest common factor of k and 55.
5
Suppose 9*k - 176 = 5*k + 4*m, 3*k = -2*m + 112. What is the highest common factor of 16 and k?
8
Let u be 8/2*42/4. Let s(y) = y**2 - 94*y + 1431. Let b be s(76). Calculate the greatest common factor of b and u.
21
Let v(m) = 2*m**3 + 5*m**2 + 7*m + 9. Let y be v(-6). Let g be 1/(-4) - y/4. Let c = g + -50. Calculate the highest common factor of 7 and c.
7
Let b = -53 + 86. Suppose 3*h - 93 = b. Calculate the highest common factor of h and 21.
21
Let y be -1 + (2 - -20)/2. Let l = -64 - -64. Suppose 32 = j + 4*k, l = -5*j - k - 0*k + 198. Calculate the greatest common divisor of y and j.
10
Let o(j) be the second derivative of j**4/12 + 5*j**3/6 + 11*j**2 + 12*j. Let x be o(-13). Calculate the highest common factor of 18 and x.
18
Suppose -65 = -m - 8. Let d = m + -3. Let q(s) = s**2 + 5*s - 5. Let z be q(-7). Calculate the greatest common factor of z and d.
9
Suppose -4*f = 2*q - 32, 1 = f - 2*q + 3. Let m be (-1)/(-2) - 107/(-2). What is the highest common divisor of m and f?
6
Let t(q) = q**3 + 2*q**2 + q + 1. Let h be t(-1). Let l(r) = 34*r - 6. Let g be l(h). What is the greatest common factor of 70 and g?
14
Let l(x) = 4*x**2 + 30*x + 31. Let o be l(-1). Suppose -3*t - 2*m + 107 = -3*m, -3*m - 41 = -t. Calculate the greatest common factor of o and t.
5
Let x(w) = -2*w - 2. Let t be x(-5). Suppose 3*v - t*v + 95 = 0. Calculate the greatest common factor of 19 and v.
19
Suppose -117 = -4*u + 2*o + 55, -4*u = 2*o - 180. Let c be 2*(10 - (-3 + -9)). Calculate the greatest common factor of c and u.
44
Suppose -o + 5 - 7 = 0. Let g be (6/6)/(o/(-24)). Calculate the highest common divisor of 12 and g.
12
Suppose 2*r - 14 = -4, -r - 19 = -2*n. Calculate the highest common divisor of 80 and n.
4
Let g be (-2)/(-5) + (-22)/5. Let r = 252 + -250. Let h be 1*((g - -14) + r). Calculate the highest common factor of 132 and h.
12
Suppose f = -f - 0*f. Let p(c) = c**2 + 10. Let h be p(f). Calculate the greatest common factor of h and 80.
10
Let g(t) = -t + 47. Suppose -4*x = 2*c + 35 + 1, 0 = 4*x. Let p be g(c). Calculate the highest common divisor of p and 26.
13
Suppose 4*o + 4*u - 257 - 99 = 0, -93 = -o - 2*u. Calculate the greatest common divisor of 5 and o.
5
Suppose 3*u = -2*q + 6, 1 - 11 = 5*u. Suppose -5*g - 25 = n - 4*g, 4*n + 96 = -2*g. Let z = n - -65. What is the greatest common divisor of q and z?
6
Suppose 0 = -32*w + 638 + 514. What is the highest common factor of w and 4?
4
Let o = -44 + 53. Let b(c) = 4*c - 16. Let w be b(o). What is the greatest common factor of 8 and w?
4
Let w be 50/(-5)*(-138)/15. What is the highest common factor of 115 and w?
23
Suppose 8*n + 5 = 9*n. Suppose 3*f - 10 = -2*w, -1 = 2*f + 4*w - n. Suppose 0 = -f*y + 70 + 54. What is the greatest common factor of 31 and y?
31
Let l(o) = o**3 + 19*o**2 + 39*o + 12. Let q be l(-16). Calculate the highest common divisor of q and 208.
52
Let a(j) = j**2 - 13*j - 2*j**2 + 0*j**2 + 5. Let g be a(-11). Suppose 2*p - 5*b = 28, -b - 2 + 9 = p. Calculate the greatest common divisor of g and p.
9
Suppose 10*v = v. Let s(o) = o**3 + 19. Let m be s(v). What is the highest common divisor of m and 95?
19
Suppose -i = -7 + 3. Suppose b = -v + 6*b + 11, -3*b = i*v - 67. Suppose -2*k - v = -62. What is the highest common divisor of 92 and k?
23
Let g(f) = -30*f. Let o be g(-1). Let y = o + 11. Suppose -y = 2*i - 221. What is the greatest common divisor of 10 and i?
10
Let i(g) = g**3 + 9*g**2 + 4*g - 8. Let w = -34 + 60. Suppose -2*q + 10 = w. Let s be i(q). What is the greatest common factor of 16 and s?
8
Let b(y) = 8*y - 6. Let r be b(5). Let g = -5428 + 5496. Calculate the greatest common factor of g and r.
34
Let b be -2 + (1 - -31) - 3. Suppose 5*g - 30 = -0. Let k be ((-27)/g)/((-2)/8). What is the highest common divisor of k and b?
9
Suppose 4*n = -16, -5 + 25 = 3*w - 2*n. Suppose 60 = w*b + 2*b. What is the highest common factor of 2 and b?
2
Let h(g) = g**3 - 5*g**2 + 6*g - 3. Let j be h(4). Suppose 350 = j*n - 90. What is the greatest common factor of 11 and n?
11
Suppose 4*x - 349 = -5*k - 17, -k - 268 = -3*x. Let a(o) = 2*o. Let f be a(4). Calculate the highest common factor of x and f.
8
Let y be 338 + (-4)/28*0. What is the highest common factor of 26 and y?
26
Suppose 0*h - 2*l + 533 = 3*h, 0 = -3*h + l + 521. What is the highest common factor of 7 and h?
7
Let n = -4074 + 8633. What is the greatest common divisor of 97 and n?
97
Let o be 5*((-141)/(-188))/(10/24). Calculate the greatest common divisor of 738 and o.
9
Let x be (2 + -3 + (-68)/16)*4. Let u be x/(-7) - (0 - -1). What is the greatest common divisor of u and 8?
2
Suppose -g + 11 = 2. Suppose 20 = -4*s + 92. Suppose -18 - s = -n. Calculate the highest common divisor of g and n.
9
Let r(z) = -32 - 14 + 0*z + 6*z. Let g be r(9). What is the greatest common divisor of g and 4?
4
Suppose -4*p = l - 7, -17 + 9 = 4*p - 4*l. Calculate the greatest common factor of 8 and p.
1
Let q = 2 - -26. Suppose 28*j - q = 21*j. Let g(b) = 2*b**2 - 4*b - 4. Let r be g(-4). Calculate the highest common factor of j and r.
4
Let l = -1 - -3. Suppose n = -0*a + 2*a + 12, 3*n = 2*a + 4. Let o be (-132)/a + 2/(-4). What is the highest common factor of l and o?
2
Suppose 275 = -t + 6*t. Suppose -2*c + 28 = 4*z, -5*z = -0*c + 4*c - 41. Calculate the greatest common divisor of t and z.
5
Let c be (0 + -1 - -1)/2*1. Suppose 5*i = 2*z - 22, 4 = 2*i - c*i. Calculate the highest common divisor of z and 2.
2
Let b = 97 + -88. What is the highest common divisor of 15 and b?
3
Let r(t) = -t + 9. Let b = 10 + -10. Let s be (0 - 3/(-6))*b. Let k be r(s). What is the greatest common divisor of k and 45?
9
Let r(q) = -q**3 + 11*q**2 + 9*q - 4. Let n be r(9). Let w = 448 - n. Calculate the highest common factor of 19 and w.
19
Let g(z) = z**3 - 8*z - 6. Let i(a) = a**3 - 7*a - 7. Let f(w) = -2*g(w) + 3*i(w). Let k be f(4). Calculate the highest common divisor of k and 35.
35
Let j = 242 - 229. Calculate the greatest common divisor of j and 1.
1
Let g(p) = 2*p**2 + 20*p + 10. Let q be g(-15). Let f = 180 - q. What is the greatest common divisor of 140 and f?
20
Let w = 73 + -60. Let r = 31 - w. What is the greatest common divisor of 162 and r?
18
Let o = 1566 - 1242. Calculate the highest common divisor of 144 and o.
36
Suppose 6*j = 3*j - 108. Let y = 44 + j. What is the greatest common factor of 72 and y?
8
Suppose -5*z + 225 = -s, 9*s + 157 = 3*z + 4*s. Let f = 59 - z. Calculate the highest common factor of 120 and f.
15
Suppose 0 = -2*y + 4*m + 364, -2*m - 2*m = -y + 188. What is the greatest common divisor of y and 11?
11
Let c be ((-88)/2)/((20/(-206))/5). Calculate the highest common factor of c and 44.
22
Let q(c) = -c**2 + 3*c + 3. Let o = 3 + 0. Let d be q(o). Suppose 7*u + 48 = 9*u. Calculate the highest common factor of d and u.
3
Let y = 54 - 40. Suppose -y*o = -0*o - 840. What is the highest common factor of 36 and o?
12
Suppose r = 4, -k + 4*r = 3*k - 4. Suppose 3*q = k*z - 882, -2*z = -2*q + q - 352. Let i = z + -102. Calculate the highest common divisor of i and 48.
24
Let x(a) = 29*a - 4. Let b be x(4). Let f = 2608 + -2580. What is the greatest common factor of f and b?
28
Suppose 76*v - 55*v - 84 = 0. What is the highest common divisor of 32 and v?
4
Let j = -96 - -115. Suppose j + 197 = 3*n. Calculate the greatest common factor of 180 and n.
36
Suppose 4*m - 80 = -0*m. Let s = -14 + m. Suppose 3*v - 4*v + u = -17, -s = 2*u. Calculate the highest common factor of v and 42.
14
Let r be (-52)/(-6) + 4/(-6). Let d be 48/18 + (-2)/(-6). Suppose d*j = 9*j - 120. What is the highest common divisor of j and r?
4
Suppose 15*b + 53 = 728. What is the highest common factor of 225 and b?
45
Suppose 5*w + 2*d - 538 = 0, 4*w + d + 217 = 6*w. Calculate the greatest common divisor of 4 and w.
4
Let h